s(w) = -w**3 + 6*w**2 + 6*w - 5. Let j be s(d). Suppose -6*y + j = -y. List the prime factors of y.
2, 5
Let x be (-1096)/(-4)*-4 - -2. What are the prime factors of (-10)/(-45) - x/18?
61
Let y(g) = -2*g**3 - 3*g**2 + 2*g + 3. Let i be y(-3). Let v be 1/(-4) + 6/i. Suppose -103 = -5*d - v*k - 2*k, 4*d + 2*k = 84. What are the prime factors of d?
19
Suppose 36*o + 806 = 38*o. List the prime factors of o.
13, 31
Let x = -12 - -38. Let q be 8096/104 + 4/x. Suppose q = -0*b + 2*b - 2*p, -44 = -b - 4*p. What are the prime factors of b?
2, 5
Let a = 139 + 62. List the prime factors of a.
3, 67
Let f(i) = -197*i - 213. What are the prime factors of f(-7)?
2, 11, 53
Let j = -9 + 11. Let s = 323 - 203. Suppose 5*w = j*w + s. List the prime factors of w.
2, 5
Let s(a) = 3*a + 1. Let i be s(-7). Let u be (i + -3 - 2)*-2. Let w = u + -17. What are the prime factors of w?
3, 11
Suppose -5*b = -3*n - 2292, -717 = -3*b + 2*n + 659. Suppose -8*c + 4*z = -4*c - b, -3*c + 360 = 3*z. What are the prime factors of c?
3, 13
Let j = 212 + -115. What are the prime factors of j?
97
Let b(h) = h + 14. Let j be 2 - (5*4)/4. Let o(f) = 5. Let w(a) = j*b(a) + 8*o(a). List the prime factors of w(-9).
5
Suppose -4*d = -3*x - 2871, -5*d - 435 = -4*x - 4023. What are the prime factors of d?
2, 3, 5
Suppose 0 = -r + 8 - 3. Suppose -9*p + 8 = -r*p. Suppose -2*y + p*g = 2*y - 114, 5*y - 2*g = 144. What are the prime factors of y?
2, 3, 5
Let z = -834 - -1535. What are the prime factors of z?
701
Suppose 157 = -n + 5147. List the prime factors of n.
2, 5, 499
Let w(j) = j**3 + 10*j**2 + 9*j + 2. Let u be w(-9). Suppose -b = -u - 1. Suppose 5*h + 31 = c + b*c, 3*c + 5*h = 32. List the prime factors of c.
3
Let g(y) = 18*y - 16. Let i be g(-4). Let a = 51 - i. List the prime factors of a.
139
What are the prime factors of 3/((-18)/(-482))*(12 - 0)?
2, 241
Suppose 2*s + 70 = -3*s. Let q be -9 + 3 - (0 + -2). Let x = q - s. What are the prime factors of x?
2, 5
Let y(m) = -m**2 + 27*m - 1. List the prime factors of y(18).
7, 23
Let z(i) = -i + 2. Let y be z(0). Let l(t) = 5*t - 2*t**2 - y - 3*t**3 + 4 + 0. List the prime factors of l(-3).
2, 5
List the prime factors of 6/(-10)*-5 - (1 - 466).
2, 3, 13
Suppose 0 = -i + 6. Let d = i + -2. List the prime factors of (d/(-4))/(-1) + 27.
2, 7
List the prime factors of (-56)/24 - (-30545)/15.
2, 3, 113
Let l be (-172)/(-14) + -1 - (-20)/(-70). Suppose b + 420 = l*b. List the prime factors of b.
2, 3, 7
List the prime factors of 6/10 + (-4)/((-100)/25385).
2, 127
Let q be 5568/3 + 0/5. Suppose -14*h = -q - 972. List the prime factors of h.
2, 101
Let x = -707 + 1732. List the prime factors of x.
5, 41
Suppose -2*x + 3 = 5*g + 10, -5*g + 1 = 4*x. Suppose 205 = x*b - h, -2*h = 2*b + 2*h - 116. List the prime factors of b.
2, 13
Let y(t) = 13*t + 11. Suppose -7 = -5*x + 18. What are the prime factors of y(x)?
2, 19
Let l(x) = 2 + 2 - 5 - 1 - 4*x. Let w be l(-2). Suppose 56 = 2*y - 5*f, -w*y + 3*y = -3*f - 93. What are the prime factors of y?
3, 11
Let m(u) = 2*u**2 - 13*u - 76. What are the prime factors of m(18)?
2, 13
Suppose 7*u + 91 - 63 = 0. Let r(v) = 3*v + v**2 + 6 + 2*v + 3*v**2. What are the prime factors of r(u)?
2, 5
Let h(a) = -a + 4. Let k be h(-7). Let p = 13 + k. What are the prime factors of p?
2, 3
Let c = -9 - -34. Suppose 2*m - 10 = 0, 2*g - 7*g + 4*m = 40. List the prime factors of c + (-8)/g + -2.
5
Let w(n) = 38*n**2 - 2*n + 95. What are the prime factors of w(9)?
5, 631
Suppose -2*d - 12 = 8. List the prime factors of (d/(-35))/((-4)/(-644)).
2, 23
Let h(n) = 13*n + 6. Suppose -24 = -3*y + 5*v, 3 + 12 = 2*y - 3*v. Let i be h(y). Let p = i + 5. What are the prime factors of p?
2, 5
Let t(l) = 9 - l - 6*l + l**2 + 1. Let r be t(7). What are the prime factors of (-2)/5 - (-144)/r?
2, 7
Let k(n) = 69*n + 90. What are the prime factors of k(15)?
3, 5
Suppose 26 = 4*g - 138. Let h = g + -29. List the prime factors of h.
2, 3
Suppose -6 - 54 = -6*i. List the prime factors of 245 - (1 - (i - 5)).
3, 83
What are the prime factors of (35 - 1)*(-10)/(-20)?
17
Let c be -5 - (-7)/((-7)/(-176)). Suppose 2*g - c = 121. List the prime factors of g.
2, 73
Suppose -4*l - 3*v - 2*v = -1653, l - 3*v - 409 = 0. Suppose -5*c + 216 = -a - l, 4*c + a - 497 = 0. List the prime factors of c.
5
Let g be (-1828)/(-108)*3 + 4/18. Let w = 109 + g. What are the prime factors of w?
2, 5
Let r = -10 - 6. Let o = -14 - r. Suppose n + o*x - 29 = x, 2*n - 5*x - 30 = 0. What are the prime factors of n?
5
What are the prime factors of 250 + 1/(7/(-42))?
2, 61
Suppose 33*q - 62027 = 72514. What are the prime factors of q?
3, 151
Let z(q) = q + 5. Let v = -8 + 16. Let y be z(v). Let o = y - 9. List the prime factors of o.
2
Let l = -17 - -19. Suppose 2 = 2*x, -l*x = o - 9 - 7. List the prime factors of o.
2, 7
Suppose 5*d = 12*d - 1113. What are the prime factors of d?
3, 53
Suppose -8*f + 3978 = -5*f. List the prime factors of f.
2, 3, 13, 17
Suppose -5*b = v - 418, 2*v + 5*b - 310 = 511. List the prime factors of v.
13, 31
Let c = 622 - 414. What are the prime factors of c?
2, 13
List the prime factors of 40/12*237 + (1 - -2).
13, 61
List the prime factors of (402/(-30) + 3)*-10.
2, 13
Let l(v) = v**2 - 6*v - 4. Let z be l(9). Suppose -2*j + q + z = -0*q, -6 = -2*q. Suppose 2*i = j + 1. List the prime factors of i.
7
Let r = 285 + -226. What are the prime factors of r?
59
Suppose 1 = 2*o + 3*y + 5, 5*o + 3*y = 8. Suppose 0 = -3*b + 15, -w - 5*b - 260 = -o*w. List the prime factors of w.
5, 19
Let g(m) = 3*m + 4. Let x be g(-3). Let t(b) = 2*b**2 + 80*b + 163. Let u be t(-39). Let q = u + x. What are the prime factors of q?
2, 5
Let n(b) = -b - 6. Suppose 0 = -4*l, 3*l - 3 = 3*d + 12. Let m be n(d). What are the prime factors of 4 + (-3 - -2 - m)?
2
Let c = 66 - 93. Let h = 36 + c. Suppose -h*l + 625 = 58. What are the prime factors of l?
3, 7
Suppose -f = -4*c - 128, 6*f - 4*c = f + 592. Suppose 0 = 16*t - 18*t + f. What are the prime factors of t?
2, 29
List the prime factors of (-3 + 28/12)*3873/(-2).
1291
What are the prime factors of 58734/90 + 6/15?
653
Let k(p) = p**3 + 1. Let o be k(-1). Suppose 14*u - 7*u - 105 = 0. Suppose -4*a + a + u = o. What are the prime factors of a?
5
Suppose 17*g + 10592 = 33*g. What are the prime factors of g?
2, 331
Let p(b) = 38*b**3 + 62*b**3 - 153*b**3. Suppose -2*r - 1 = 1. List the prime factors of p(r).
53
Suppose -o + 0*d + 31 = d, -2*o + 71 = -d. Suppose w = -o + 148. Suppose -4*z + w = -z. What are the prime factors of z?
2, 19
Let t = 16 + -27. Let b(r) = -5*r**2 - 60*r + 60. Let n(z) = z**2 + 12*z - 12. Let s(o) = -2*b(o) - 11*n(o). List the prime factors of s(t).
23
Let m(h) be the first derivative of h**3/3 + 3*h**2 + 6*h - 5. Let s be m(-4). What are the prime factors of (20 - 2)*(s - -3)?
2, 3
Let j be (-5533)/55 - (-3)/5. Let g = j - -369. List the prime factors of g/7 + (-24)/56.
2, 19
Let h = -28 + 333. List the prime factors of h.
5, 61
Suppose -10 = -2*q + 2. Suppose -10*k + 140 = -q*k. What are the prime factors of k?
5, 7
Let q = 825 + 372. List the prime factors of q.
3, 7, 19
Suppose -43 - 103 = -2*g. Let s = g - 52. What are the prime factors of s?
3, 7
Suppose -a + 2*g + 916 = 0, -5478 = -5*a + g - 889. What are the prime factors of a?
2, 3, 17
Let z(x) = -13*x - 27. Let d be z(10). Let l = -34 - d. What are the prime factors of l?
3, 41
Suppose 78 = -4*n + 6*n. Let v = n + 2. List the prime factors of v.
41
Let z = -593 + 422. Let r = 330 + z. What are the prime factors of r?
3, 53
Let p = -15 - -21. Suppose 51 = -p*b + 591. What are the prime factors of b?
2, 3, 5
Let o be 4/6 - (-64)/12. Let g(t) = 2*t. Let j be g(-11). What are the prime factors of -2 - j*9/o?
31
Let z = 2704 + -1450. What are the prime factors of z?
2, 3, 11, 19
Suppose -4*z + o + 272 + 114 = 0, 5*z + 2*o = 476. List the prime factors of z.
2, 3
Let w be 2/(-4) + 35/10. Suppose -3*r - 2*t = 0, 0 = -3*r + w*t - 7 - 8. List the prime factors of r + (-2 + -1)*-12.
2, 17
Let d(k) be the second derivative of -k**4/12 + k**3/3 + 9*k**2/2 - k. Suppose -y - y = 0. List the prime factors of d(y).
3
Let i(t) = 9*t - 19. Let c(d) = 1. Let v(u) = -4*c(u) + i(u). What are the prime factors of v(8)?
7
Let h = 6986 - 2631. What are th